r(b). Suppose 550*z - 559*z - 162 = 0. Let m be ((-24)/(-14))/(z/63). Calculate t(m).
6
Let u(g) = -g**3 + 13*g**2 - 17*g + 15. Let f = -9198 - -9209. Calculate u(f).
70
Let z(c) = 7 + 5 - 1 + 305*c - 282*c. Let k(s) = 45*s + 20. Let n(p) = 6*k(p) - 11*z(p). Give n(2).
33
Let c(i) = -20 + i**3 + 999*i**2 - 536*i**2 - 468*i**2 - 4*i. Calculate c(5).
-40
Let h(c) = 4*c**3 + 8*c**2 - 21*c - 46. Let w be h(-2). Let a(i) = -6*i - 6. Determine a(w).
18
Let q = 19 - 11. Let r(c) = c**2 + c - 1. Let o(b) = -5*b**2 + 5*b + 7. Let y(d) = o(d) + 4*r(d). Determine y(q).
11
Let a(y) = -y**2 - 26*y - 150. Let w be a(-17). Let k(m) = -517*m**2 + 0*m**w + 513*m**2 + m**3 + 1. Calculate k(4).
1
Let k = -90 - -107. Suppose 0 = k*d - 13*d. Let a(j) = -11 + 65*j**2 - j**3 - j - 30*j**2 - 34*j**2. Determine a(d).
-11
Suppose -16 - 12 = 4*w. Let s(m) = m + 4. Let q(l) = -2*l - 11. Suppose 20*r + 109 - 29 = 0. Let y(o) = r*s(o) - q(o). Calculate y(w).
9
Let a = -25 - -21. Let x be -1*((0 - a) + -3)*-11. Let q(f) = -13*f + 9*f**2 - 2*f + 10*f + x - f**3 - 7*f. Give q(8).
-21
Suppose 2*f - 12 = 5*x, f - 5*f - 36 = 5*x. Let m(r) be the second derivative of -r**3/2 - 2*r**2 + 5656*r. Calculate m(x).
8
Suppose -q - 1602 = 3*w - 1561, 2*w - 2*q = -14. Let v(x) = x + 42. Give v(w).
30
Suppose -y = 5*g - 35 - 72, 5*g = y + 93. Let h(t) = t**3 - 16*t**2 - 83*t + 55. Give h(g).
-5
Suppose -292*n + 469 = -225*n. Let h(r) = -r + 24. Calculate h(n).
17
Let b(o) be the second derivative of -o**3/3 + 299*o + 3. Give b(18).
-36
Let i(m) = m + 228. Let v be i(15). Let t = v + -249. Let g(k) = -k**2 - 7*k - 7. Calculate g(t).
-1
Let h = 34 + -138. Let w = h - -110. Let j be ((-6)/10 + -1)/(w/(-15)). Let l(n) = n**2 - 4*n + 5. What is l(j)?
5
Let o(n) = n - 1. Let w(y) = 11*y + 5. Let t(v) = -5*o(v) - w(v). Let k(q) = 11 - 2*q + q + 2*q - 4. Let l be k(-6). Calculate t(l).
-16
Let r(t) = 72*t - 34. Let i(z) = 31*z - 21. Let x(n) = -7*i(n) + 3*r(n). What is x(7)?
38
Let s(z) = -5*z**3 - 8*z**2 - z + 3. Let y(i) be the first derivative of 5*i + 23 - 5*i**3 - 9/4*i**4 - 1/2*i**2. Let m(x) = -7*s(x) + 4*y(x). Determine m(-5).
9
Let s be (63 + -15)/(-12) - (1 - 22). Suppose 19*b - 5*t + 28 = s*b, -t + 4 = 0. Let a(x) = 3*x + 18. What is a(b)?
6
Let q(k) = 36*k - 27. Suppose -s = -2*v - 34, 2*s + 67 = v - 6*v. Let d(t) = -10*t + 7. Let b(w) = v*d(w) - 4*q(w). Suppose 0 = 4*m + 11 - 3. What is b(m)?
-9
Let j be (-14)/21 - (-22)/6. Let p be j - (1 + 0 + -3). Let c(g) = -8*g + g**3 - g + 4*g - 4*g**2 + 4. Determine c(p).
4
Let u be ((-366)/(-427))/((-2)/(-14)). Let f(n) = 14*n**2 - 84*n + 9. Determine f(u).
9
Let x be 0*-8*14/(-336). Let b(n) = -n**2 + 3*n + 13. Give b(x).
13
Let r(a) be the first derivative of -33*a**2/2 - 325*a - 6603. Determine r(-10).
5
Let x(u) be the third derivative of 0 + 0*u - 8*u**2 - 2*u**3 - 1/120*u**5 - 1/24*u**4. Let m(w) be the first derivative of x(w). What is m(5)?
-6
Let h(l) = 16*l + 12. Let q(f) = 168*f + 3521. Let p be q(-21). Calculate h(p).
-100
Let u(j) = -j**3 + 21*j**2 + 19*j + 66. Let f be u(22). Suppose f = -4*d - 2*n - 14, -6 = 5*d - 5*n + 4. Let m(l) = 3*l**2 + 5*l + 4. Give m(d).
16
Let c(h) = 3*h + 36. Suppose -555 = -146*t + 183*t. What is c(t)?
-9
Let z(r) = 32*r - 46*r**2 + 40*r + 12*r**2 + 235*r**3 - 236*r**3 + 5. Determine z(-36).
5
Suppose 0 = 3*f + 337497 - 337410. Let w(n) = -n**3 - 28*n**2 + 31*n + 65. What is w(f)?
7
Let j(g) = 1263*g**2 + 5 - 15*g - 1276*g**2 + 0*g**3 + g**3. What is j(14)?
-9
Let h(b) = b**2 - 2. Let r(q) be the third derivative of 1/20*q**5 + 0 + 9*q**2 + 0*q + 15/8*q**4 - 1/2*q**3. Let z be r(-15). Determine h(z).
7
Let n be -1*(1 - 8) + 2. Let s(a) = 0 - a - 6 - n. Suppose -5*u = 38*y - 39*y - 12, 5*u = 5. Give s(y).
-8
Let z(r) = 2*r + 14. Let m = 3424 + -3433. Calculate z(m).
-4
Let h(u) = 31*u - 3597. Let d be h(116). Let n(m) be the second derivative of 11*m**3/2 + 5*m. What is n(d)?
-33
Let y be 3*(68/12 - 3). Let h(r) be the first derivative of r**2/2 + 3*r + 566. What is h(y)?
11
Let b(h) = -4*h - 13. Let p(n) = -n**3 - 4*n**2 + 29*n - 37. Let k be p(-10). Let a be 1118/k + -12 - (-2)/(-21). Determine b(a).
19
Let y(o) = -o**3 + 6*o**2 - 5*o + 1. Suppose 0 = -4*b - 2*b + 30. Suppose -5 = b*j - 25. Suppose -4 = 3*z - j*z. Give y(z).
13
Let f(w) = -781*w - 2349. Let n be f(-3). Let t(x) = x**3 + 9*x**2 + 8*x - 3. Determine t(n).
57
Let m(o) = -29*o + 290. Let u be m(10). Let f(i) = i**2 - 4 + 498*i + u - 504*i. Determine f(6).
-4
Let l(g) = -30*g - 38*g - 1 - 37*g + 104*g. Let y(i) = i**3 + 4*i**2 - 7. Let k be y(-3). Suppose -k*m = 3*m + 10. Determine l(m).
1
Let o(l) be the first derivative of -3*l**2 + 4*l + 674. What is o(-3)?
22
Let g be (3 - 5/2)*0. Let b be g/(-1)*1/3. Let o(i) be the first derivative of -i**4/4 + i**3/3 - i**2/2 + 6*i + 280. Determine o(b).
6
Let g(a) = -a + 6. Let l = 226 - 225. Let y(p) = -4*p**3 - p**2. Let s be y(l). Determine g(s).
11
Let d(w) = w**2 - 6*w - 4. Let r = -889 - -891. Suppose 5*s + r*a = 55, s - 21 = -3*s + 3*a. Determine d(s).
23
Let t = 798 - 797. Let d(k) = -5*k + 5. Let g be d(t). Let x(r) = r**2 - 6*r - 4. Give x(g).
-4
Let s(w) = -6*w + 2. Let r(g) = 16*g - 19. Let d(i) = r(i) + 3*s(i). Give d(13).
-39
Let j(l) = -13*l**3 - 5*l**2 - 7*l - 1. Let i(z) = 34*z**3 + 12*z**2 + 19*z + 3. Let x(s) = 2*i(s) + 5*j(s). Let f be -5*(4/10 - 0). What is x(f)?
-33
Let i = 883 - 878. Let g(h) = 3*h - 9. Determine g(i).
6
Let f(r) = 4*r + 3. Let w(h) = -2*h - 1. Let s(m) = -3*f(m) - 4*w(m). Let d(g) = 0*g + g - 1 + 0*g. Let l(z) = -2*d(z) - s(z). Give l(7).
21
Let f(c) = -c**3 + 5*c**2 - 3*c - 9. Suppose -5*o - 5*v + 50 = -10*v, -v = 3*o - 6. What is f(o)?
-5
Suppose 0 = -28*t + 33*t - 60. Suppose -31*f = -t*f + 171. Let j(y) = -2*y**2 - 21*y - 21. Give j(f).
6
Let r(o) = 4*o**2 + 2*o - 7. Suppose -4*u - 3 = -19, 5*j + 4*u = 26. Let f(a) = 4*a**2 + 2*a - 5. Let n(v) = j*r(v) - 3*f(v). Give n(2).
-19
Let z(x) be the third derivative of -41*x**6/120 + x**3/6 + 2036*x**2. What is z(-1)?
42
Let q(u) be the first derivative of -u**3/3 - 2*u**2 - 3*u - 6136. Let f(v) = v**3 + v - 4. Let p be f(0). Give q(p).
-3
Let t(f) = f**3 - 6*f**2 + 3*f - 8. Suppose 5*q + 2*c = 50, 4 - 14 = -q + c. Suppose 6*z - 2*o + 80 = 11*z, -z - o + 16 = 0. Let a = z - q. Determine t(a).
10
Let s(o) = 2*o**3 - 6*o**2 + 2*o - 2. Let g(b) = -2*b**2 + 35*b + 103. Let h be g(20). Give s(h).
4
Let x(t) be the first derivative of -2*t**3/3 + 4*t**2 - 18*t + 1530. Calculate x(3).
-12
Let j(g) = 9*g - 23. Let i(l) = 6*l**2 - 30*l + 40. Let x be i(2). Calculate j(x).
13
Let j(k) = 5*k**2 + 17*k + 13. Let d be j(-3). Let m(w) = 15*w - 104. Let c be m(d). Let r(l) = -29*l. Calculate r(c).
-29
Let s(v) be the first derivative of 31*v**2 - 29*v**2 + 0 + 17 - 3*v - v**4. Determine s(2).
-27
Let k be ((-45)/54*-6 + -10)*1. Let s(y) = -y**2 + 4*y + 24. Calculate s(k).
-21
Let u(t) be the second derivative of -t**3/6 + 2*t**2 + 28*t + 20. Suppose -63 = 3*c + 2*l, -2*l - 112 + 28 = 4*c. Let g be (c/6 + 1)*2. Give u(g).
9
Suppose 0 = 4*n + 5 - 17. Let d(b) be the second derivative of b**4/4 - 2*b**3/3 + 3*b**2/2 + 2*b - 115. Give d(n).
18
Let l(x) = -x + 4. Let h(j) = -j**3 + 3*j**2 + 11*j - 5. Suppose -5*c + 2*c + 47 = -2*b, c - b - 16 = 0. Suppose -6*p = c - 45. Let d be h(p). What is l(d)?
4
Let d(a) be the third derivative of -a**6/120 + 2*a**5/15 - 5*a**4/12 + 6*a**2 - 103. What is d(4)?
24
Let c(d) = -5*d**3 + 7*d**2 - 11*d - 4. Let f be -3 - 0/((-3)/(12/(-16))). Let o(p) = 8*p**3 - 7*p**2 + 12*p + 5. Let q(m) = f*c(m) - 2*o(m). Calculate q(-8).
-6
Let o(f) = 2*f - 12. Let i be o(6). Let g be -11 + i + 6 + -5. Let l(w) = -w - 15. Let z be l(g). Let m(b) = -b**3 - 4*b**2 + 7*b + 6. What is m(z)?
-4
Let x(f) = -2*f**3 + 17*f**2 + f - 5. Let y(w) = -95*w - 9*w**2 + 3 + w**3 + 199*w - 105*w. Let n = -9 + 16. Let l(b) = n*y(b) + 4*x(b). Determine l(2).
7
Let c(v) = -v - 5. Suppose 3*b + 2266 + 299 = 0. Let g = b - -855. Calculate c(g).
-5
Let n = 1197 + -1211. Let x(h) = h**3 + 15*h**2 + 10*h - 59. What is x(n)?
-3
Suppose 10*b = 11*b - t, 0 = 5*b - 4*t - 2. Let c(m) = 27*m**b + 2*m**3 - 4*m - 16*m**2 - 13*m**2 - 3*m**3 + m. Calculate c(-3).
18
Suppose -2*w - 28 = k, 4*k + 4*w = -28 - 68. Let a(x) = 2*x + 46. Let o be